{"id":1227,"date":"2021-07-16T14:43:27","date_gmt":"2021-07-16T12:43:27","guid":{"rendered":"http:\/\/www.littlez.fr\/?page_id=1227"},"modified":"2025-06-25T09:36:09","modified_gmt":"2025-06-25T07:36:09","slug":"projets","status":"publish","type":"page","link":"https:\/\/www.littlez.fr\/index.php\/projets\/","title":{"rendered":""},"content":{"rendered":"<div class=\"wpb-content-wrapper\"><p>[vc_row overlay_dotted=&#8221;&#8221;][vc_column]  <div class=\" brxy-project-69e23c2859029 brxy-masonry-wrap \">\n    <div class=\"container\">      <div class=\"project-listings style4\"  >\n        \n    <!-- Project Start -->\n    <div class=\"project-row brxy-masonry masonry-item-4  spacer3 \">\n                <div class=\"masonry-item  \">\n            <div class=\"project-list  full-link\">\n              <div class=\"project-picture\">\n                <img decoding=\"async\" src=\"https:\/\/www.littlez.fr\/wp-content\/uploads\/2025\/06\/Rehabilitation-et-extension-dune-grange-en-maison-vignette.jpg\" alt=\"R\u00e9habilitation d&#8217;une grange en maison\">\n              <\/div>\n              <div class=\"project-info\">\n                <div class=\"brxy-table-container\">\n                  <div class=\"brxy-align-container\">\n                    <div class=\"project-title\"><a href=\"https:\/\/www.littlez.fr\/index.php\/project\/rehabilitation-dune-grange-en-maison\/\">R\u00e9habilitation d&#8217;une grange en maison<\/a>\n                    <\/div>\n                    <div class=\"project-category\">\n                                        <\/div>\n                  <\/div>\n                <\/div>\n              <\/div>\n            <\/div>\n          <\/div>\n                  <div class=\"masonry-item  \">\n            <div class=\"project-list  full-link\">\n              <div class=\"project-picture\">\n                <img decoding=\"async\" src=\"https:\/\/www.littlez.fr\/wp-content\/uploads\/2025\/06\/Construction-dune-mini-maison-vignette.jpg\" alt=\"Construction d&#8217;une mini maison\">\n              <\/div>\n              <div class=\"project-info\">\n                <div class=\"brxy-table-container\">\n                  <div class=\"brxy-align-container\">\n                    <div class=\"project-title\"><a href=\"https:\/\/www.littlez.fr\/index.php\/project\/construction-dune-mini-maison\/\">Construction d&#8217;une mini maison<\/a>\n                    <\/div>\n                    <div class=\"project-category\">\n                                        <\/div>\n                  <\/div>\n                <\/div>\n              <\/div>\n            <\/div>\n          <\/div>\n                  <div class=\"masonry-item  \">\n            <div class=\"project-list  full-link\">\n              <div class=\"project-picture\">\n                <img decoding=\"async\" src=\"https:\/\/www.littlez.fr\/wp-content\/uploads\/2025\/06\/Creation-dun-jardin-dhiver-vignette.jpg\" alt=\"Cr\u00e9ation d&#8217;un jardin d&#8217;hiver\">\n              <\/div>\n              <div class=\"project-info\">\n                <div class=\"brxy-table-container\">\n                  <div class=\"brxy-align-container\">\n                    <div class=\"project-title\"><a href=\"https:\/\/www.littlez.fr\/index.php\/project\/creation-dun-jardin-dhiver\/\">Cr\u00e9ation d&#8217;un jardin d&#8217;hiver<\/a>\n                    <\/div>\n                    <div class=\"project-category\">\n                                        <\/div>\n                  <\/div>\n                <\/div>\n              <\/div>\n            <\/div>\n          <\/div>\n                  <div class=\"masonry-item  \">\n            <div class=\"project-list  full-link\">\n              <div class=\"project-picture\">\n                <img decoding=\"async\" src=\"https:\/\/www.littlez.fr\/wp-content\/uploads\/2025\/06\/vignette-1.jpg\" alt=\"R\u00e9novation d&#8217;une maison dioise\">\n              <\/div>\n              <div class=\"project-info\">\n                <div class=\"brxy-table-container\">\n                  <div class=\"brxy-align-container\">\n                    <div class=\"project-title\"><a href=\"https:\/\/www.littlez.fr\/index.php\/project\/renovation-dune-maison-dioise\/\">R\u00e9novation d&#8217;une maison dioise<\/a>\n                    <\/div>\n                    <div class=\"project-category\">\n                                        <\/div>\n                  <\/div>\n                <\/div>\n              <\/div>\n            <\/div>\n          <\/div>\n                  <div class=\"masonry-item  \">\n            <div class=\"project-list  full-link\">\n              <div class=\"project-picture\">\n                <img decoding=\"async\" src=\"https:\/\/www.littlez.fr\/wp-content\/uploads\/2025\/06\/Division-dun-terrain-et-creation-dune-nouvelle-rue-vignette2-1.jpg\" alt=\"Division d&#8217;un terrain et cr\u00e9ation d&#8217;une nouvelle rue\">\n              <\/div>\n              <div class=\"project-info\">\n                <div class=\"brxy-table-container\">\n                  <div class=\"brxy-align-container\">\n                    <div class=\"project-title\"><a href=\"https:\/\/www.littlez.fr\/index.php\/project\/division-dun-terrain-et-creation-dune-nouvelle-rue\/\">Division d&#8217;un terrain et cr\u00e9ation d&#8217;une nouvelle rue<\/a>\n                    <\/div>\n                    <div class=\"project-category\">\n                                        <\/div>\n                  <\/div>\n                <\/div>\n              <\/div>\n            <\/div>\n          <\/div>\n                  <div class=\"masonry-item  \">\n            <div class=\"project-list  full-link\">\n              <div class=\"project-picture\">\n                <img decoding=\"async\" src=\"https:\/\/www.littlez.fr\/wp-content\/uploads\/2025\/06\/Vignette.jpg\" alt=\"Am\u00e9nagement d&#8217;un camping\">\n              <\/div>\n              <div class=\"project-info\">\n                <div class=\"brxy-table-container\">\n                  <div class=\"brxy-align-container\">\n                    <div class=\"project-title\"><a href=\"https:\/\/www.littlez.fr\/index.php\/project\/amenagement-dun-camping\/\">Am\u00e9nagement d&#8217;un camping<\/a>\n                    <\/div>\n                    <div class=\"project-category\">\n                                        <\/div>\n                  <\/div>\n                <\/div>\n              <\/div>\n            <\/div>\n          <\/div>\n                  <div class=\"masonry-item  \">\n            <div class=\"project-list  full-link\">\n              <div class=\"project-picture\">\n                <img decoding=\"async\" src=\"https:\/\/www.littlez.fr\/wp-content\/uploads\/2023\/11\/vignette-3.jpg\" alt=\"R\u00e9novation et extension d&#8217;une maison\">\n              <\/div>\n              <div class=\"project-info\">\n                <div class=\"brxy-table-container\">\n                  <div class=\"brxy-align-container\">\n                    <div class=\"project-title\"><a href=\"https:\/\/www.littlez.fr\/index.php\/project\/renovation-et-extension-dune-maison\/\">R\u00e9novation et extension d&#8217;une maison<\/a>\n                    <\/div>\n                    <div class=\"project-category\">\n                                        <\/div>\n                  <\/div>\n                <\/div>\n              <\/div>\n            <\/div>\n          <\/div>\n                  <div class=\"masonry-item  \">\n            <div class=\"project-list  full-link\">\n              <div class=\"project-picture\">\n                <img decoding=\"async\" src=\"https:\/\/www.littlez.fr\/wp-content\/uploads\/2023\/11\/vignette-2.jpg\" alt=\"Am\u00e9nagement d&#8217;un centre \u00e9questre\">\n              <\/div>\n              <div class=\"project-info\">\n                <div class=\"brxy-table-container\">\n                  <div class=\"brxy-align-container\">\n                    <div class=\"project-title\"><a href=\"https:\/\/www.littlez.fr\/index.php\/project\/amenagement-dun-centre-equestre\/\">Am\u00e9nagement d&#8217;un centre \u00e9questre<\/a>\n                    <\/div>\n                    <div class=\"project-category\">\n                                        <\/div>\n                  <\/div>\n                <\/div>\n              <\/div>\n            <\/div>\n          <\/div>\n                  <div class=\"masonry-item  \">\n            <div class=\"project-list  full-link\">\n              <div class=\"project-picture\">\n                <img decoding=\"async\" src=\"https:\/\/www.littlez.fr\/wp-content\/uploads\/2023\/11\/vignette-1.jpg\" alt=\"R\u00e9habilitation de l\u2019ancienne maison de l\u2019ONF en deux logements et un cabinet m\u00e9dical\">\n              <\/div>\n              <div class=\"project-info\">\n                <div class=\"brxy-table-container\">\n                  <div class=\"brxy-align-container\">\n                    <div class=\"project-title\"><a href=\"https:\/\/www.littlez.fr\/index.php\/project\/rehabilitation-de-lancienne-maison-de-lonf-en-deux-logements-et-un-cabinet-medical\/\">R\u00e9habilitation de l\u2019ancienne maison de l\u2019ONF en deux logements et un cabinet m\u00e9dical<\/a>\n                    <\/div>\n                    <div class=\"project-category\">\n                                        <\/div>\n                  <\/div>\n                <\/div>\n              <\/div>\n            <\/div>\n          <\/div>\n                  <div class=\"masonry-item  \">\n            <div class=\"project-list  full-link\">\n              <div class=\"project-picture\">\n                <img decoding=\"async\" src=\"https:\/\/www.littlez.fr\/wp-content\/uploads\/2023\/11\/vignette.jpg\" alt=\"R\u00e9habilitation d&#8217;un logement en espace multi-activit\u00e9s\">\n              <\/div>\n              <div class=\"project-info\">\n                <div class=\"brxy-table-container\">\n                  <div class=\"brxy-align-container\">\n                    <div class=\"project-title\"><a href=\"https:\/\/www.littlez.fr\/index.php\/project\/rehabilitation-dun-logement-en-espace-multi-activites\/\">R\u00e9habilitation d&#8217;un logement en espace multi-activit\u00e9s<\/a>\n                    <\/div>\n                    <div class=\"project-category\">\n                                        <\/div>\n                  <\/div>\n                <\/div>\n              <\/div>\n            <\/div>\n          <\/div>\n                  <div class=\"masonry-item  \">\n            <div class=\"project-list  full-link\">\n              <div class=\"project-picture\">\n                <img decoding=\"async\" src=\"https:\/\/www.littlez.fr\/wp-content\/uploads\/2023\/02\/Construction-dune-maison-en-brique-et-bois-vignette-2.jpg\" alt=\"Construction d\u2019une maison basse consommation en brique et ossature bois\">\n              <\/div>\n              <div class=\"project-info\">\n                <div class=\"brxy-table-container\">\n                  <div class=\"brxy-align-container\">\n                    <div class=\"project-title\"><a href=\"https:\/\/www.littlez.fr\/index.php\/project\/construction-dune-maison-basse-consommation-en-brique-et-ossature-bois-2\/\">Construction d\u2019une maison basse consommation en brique et ossature bois<\/a>\n                    <\/div>\n                    <div class=\"project-category\">\n                                        <\/div>\n                  <\/div>\n                <\/div>\n              <\/div>\n            <\/div>\n          <\/div>\n                  <div class=\"masonry-item  \">\n            <div class=\"project-list  full-link\">\n              <div class=\"project-picture\">\n                <img decoding=\"async\" src=\"https:\/\/www.littlez.fr\/wp-content\/uploads\/2023\/02\/Extension-et-renovation-dune-maison-de-village-vignette.jpg\" alt=\"Extension et r\u00e9novation d&#8217;une maison de village\">\n              <\/div>\n              <div class=\"project-info\">\n                <div class=\"brxy-table-container\">\n                  <div class=\"brxy-align-container\">\n                    <div class=\"project-title\"><a href=\"https:\/\/www.littlez.fr\/index.php\/project\/extension-et-renovation-dune-maison-de-village\/\">Extension et r\u00e9novation d&#8217;une maison de village<\/a>\n                    <\/div>\n                    <div class=\"project-category\">\n                                        <\/div>\n                  <\/div>\n                <\/div>\n              <\/div>\n            <\/div>\n          <\/div>\n                  <div class=\"masonry-item  \">\n            <div class=\"project-list  full-link\">\n              <div class=\"project-picture\">\n                <img decoding=\"async\" src=\"https:\/\/www.littlez.fr\/wp-content\/uploads\/2023\/02\/Renovation-dune-maison-et-amenagement-dune-terrasse-vignette.jpg\" alt=\"R\u00e9novation d&#8217;une maison et cr\u00e9ation d&#8217;une terrasse\">\n              <\/div>\n              <div class=\"project-info\">\n                <div class=\"brxy-table-container\">\n                  <div class=\"brxy-align-container\">\n                    <div class=\"project-title\"><a href=\"https:\/\/www.littlez.fr\/index.php\/project\/renovation-dune-maison-et-creation-dune-terrasse\/\">R\u00e9novation d&#8217;une maison et cr\u00e9ation d&#8217;une terrasse<\/a>\n                    <\/div>\n                    <div class=\"project-category\">\n                                        <\/div>\n                  <\/div>\n                <\/div>\n              <\/div>\n            <\/div>\n          <\/div>\n                  <div class=\"masonry-item  \">\n            <div class=\"project-list  full-link\">\n              <div class=\"project-picture\">\n                <img decoding=\"async\" src=\"https:\/\/www.littlez.fr\/wp-content\/uploads\/2023\/02\/Construction-dune-maison-a-toiture-terrasse-dans-la-pente-vignette-1.jpg\" alt=\"Construction d&#8217;une maison dans une pente\">\n              <\/div>\n              <div class=\"project-info\">\n                <div class=\"brxy-table-container\">\n                  <div class=\"brxy-align-container\">\n                    <div class=\"project-title\"><a href=\"https:\/\/www.littlez.fr\/index.php\/project\/construction-dune-maison-dans-une-pente\/\">Construction d&#8217;une maison dans une pente<\/a>\n                    <\/div>\n                    <div class=\"project-category\">\n                                        <\/div>\n                  <\/div>\n                <\/div>\n              <\/div>\n            <\/div>\n          <\/div>\n                  <div class=\"masonry-item  \">\n            <div class=\"project-list  full-link\">\n              <div class=\"project-picture\">\n                <img decoding=\"async\" src=\"https:\/\/www.littlez.fr\/wp-content\/uploads\/2022\/05\/rehabilitation-dune-grange-en-salle-communale-vignette.jpg\" alt=\"R\u00e9habilitation d&#8217;une grange en salle communale\">\n              <\/div>\n              <div class=\"project-info\">\n                <div class=\"brxy-table-container\">\n                  <div class=\"brxy-align-container\">\n                    <div class=\"project-title\"><a href=\"https:\/\/www.littlez.fr\/index.php\/project\/rehabilitation-dune-grange-en-salle-communale\/\">R\u00e9habilitation d&#8217;une grange en salle communale<\/a>\n                    <\/div>\n                    <div class=\"project-category\">\n                                        <\/div>\n                  <\/div>\n                <\/div>\n              <\/div>\n            <\/div>\n          <\/div>\n                  <div class=\"masonry-item  \">\n            <div class=\"project-list  full-link\">\n              <div class=\"project-picture\">\n                <img decoding=\"async\" src=\"https:\/\/www.littlez.fr\/wp-content\/uploads\/2022\/05\/rehabilitation-dune-usine-en-salle-dactivite-vignette.jpg\" alt=\"R\u00e9habilitation d&#8217;une usine en salle de pratique\">\n              <\/div>\n              <div class=\"project-info\">\n                <div class=\"brxy-table-container\">\n                  <div class=\"brxy-align-container\">\n                    <div class=\"project-title\"><a href=\"https:\/\/www.littlez.fr\/index.php\/project\/rehabilitation-usine-en-salle-de-pratique\/\">R\u00e9habilitation d&#8217;une usine en salle de pratique<\/a>\n                    <\/div>\n                    <div class=\"project-category\">\n                                        <\/div>\n                  <\/div>\n                <\/div>\n              <\/div>\n            <\/div>\n          <\/div>\n                  <div class=\"masonry-item  \">\n            <div class=\"project-list  full-link\">\n              <div class=\"project-picture\">\n                <img decoding=\"async\" src=\"https:\/\/www.littlez.fr\/wp-content\/uploads\/2021\/07\/renovation-dun-studio-a-die-vignette3.jpg\" alt=\"R\u00e9novation d&#8217;un studio\">\n              <\/div>\n              <div class=\"project-info\">\n                <div class=\"brxy-table-container\">\n                  <div class=\"brxy-align-container\">\n                    <div class=\"project-title\"><a href=\"https:\/\/www.littlez.fr\/index.php\/project\/renovation-dun-studio\/\">R\u00e9novation d&#8217;un studio<\/a>\n                    <\/div>\n                    <div class=\"project-category\">\n                                        <\/div>\n                  <\/div>\n                <\/div>\n              <\/div>\n            <\/div>\n          <\/div>\n                  <div class=\"masonry-item  \">\n            <div class=\"project-list  full-link\">\n              <div class=\"project-picture\">\n                <img decoding=\"async\" src=\"https:\/\/www.littlez.fr\/wp-content\/uploads\/2021\/07\/Renovation-dune-maison-de-village-VIGNETTE-1.jpg\" alt=\"R\u00e9novation d&#8217;une maison de village et cr\u00e9ation d&#8217;une terrasse trop\u00e9zienne\">\n              <\/div>\n              <div class=\"project-info\">\n                <div class=\"brxy-table-container\">\n                  <div class=\"brxy-align-container\">\n                    <div class=\"project-title\"><a href=\"https:\/\/www.littlez.fr\/index.php\/project\/renovation-dune-maison-de-village\/\">R\u00e9novation d&#8217;une maison de village et cr\u00e9ation d&#8217;une terrasse trop\u00e9zienne<\/a>\n                    <\/div>\n                    <div class=\"project-category\">\n                                        <\/div>\n                  <\/div>\n                <\/div>\n              <\/div>\n            <\/div>\n          <\/div>\n                  <div class=\"masonry-item  \">\n            <div class=\"project-list  full-link\">\n              <div class=\"project-picture\">\n                <img decoding=\"async\" src=\"https:\/\/www.littlez.fr\/wp-content\/uploads\/2021\/07\/Extension-dune-maison-dans-une-grange-vignette2.jpg\" alt=\"Extension d&#8217;une maison dans une grange\">\n              <\/div>\n              <div class=\"project-info\">\n                <div class=\"brxy-table-container\">\n                  <div class=\"brxy-align-container\">\n                    <div class=\"project-title\"><a href=\"https:\/\/www.littlez.fr\/index.php\/project\/extension-dune-maison-dans-une-grange\/\">Extension d&#8217;une maison dans une grange<\/a>\n                    <\/div>\n                    <div class=\"project-category\">\n                                        <\/div>\n                  <\/div>\n                <\/div>\n              <\/div>\n            <\/div>\n          <\/div>\n                  <div class=\"masonry-item  \">\n            <div class=\"project-list  full-link\">\n              <div class=\"project-picture\">\n                <img decoding=\"async\" src=\"https:\/\/www.littlez.fr\/wp-content\/uploads\/2021\/07\/construction-dune-maison-passive-vignette2.jpg\" alt=\"Construction d&#8217;une maison passive\">\n              <\/div>\n              <div class=\"project-info\">\n                <div class=\"brxy-table-container\">\n                  <div class=\"brxy-align-container\">\n                    <div class=\"project-title\"><a href=\"https:\/\/www.littlez.fr\/index.php\/project\/construction-dune-maison-passive\/\">Construction d&#8217;une maison passive<\/a>\n                    <\/div>\n                    <div class=\"project-category\">\n                                        <\/div>\n                  <\/div>\n                <\/div>\n              <\/div>\n            <\/div>\n          <\/div>\n                  <div class=\"masonry-item  \">\n            <div class=\"project-list  full-link\">\n              <div class=\"project-picture\">\n                <img decoding=\"async\" src=\"https:\/\/www.littlez.fr\/wp-content\/uploads\/2021\/07\/amenagement-lieu-de-concerts-bar-resto-La-Bobine-Grenoble-vignette2.jpg\" alt=\"Am\u00e9nagement d&#8217;un lieu de concert\">\n              <\/div>\n              <div class=\"project-info\">\n                <div class=\"brxy-table-container\">\n                  <div class=\"brxy-align-container\">\n                    <div class=\"project-title\"><a href=\"https:\/\/www.littlez.fr\/index.php\/project\/amenagement-dun-lieu-de-concert\/\">Am\u00e9nagement d&#8217;un lieu de concert<\/a>\n                    <\/div>\n                    <div class=\"project-category\">\n                                        <\/div>\n                  <\/div>\n                <\/div>\n              <\/div>\n            <\/div>\n          <\/div>\n                  <div class=\"masonry-item  \">\n            <div class=\"project-list  full-link\">\n              <div class=\"project-picture\">\n                <img decoding=\"async\" src=\"https:\/\/www.littlez.fr\/wp-content\/uploads\/2021\/07\/Renovation-dun-appartement-en-duplex-vignette.jpg\" alt=\"R\u00e9novation d&#8217;un appartement en duplex\">\n              <\/div>\n              <div class=\"project-info\">\n                <div class=\"brxy-table-container\">\n                  <div class=\"brxy-align-container\">\n                    <div class=\"project-title\"><a href=\"https:\/\/www.littlez.fr\/index.php\/project\/renovation-dun-appartement-en-duplex\/\">R\u00e9novation d&#8217;un appartement en duplex<\/a>\n                    <\/div>\n                    <div class=\"project-category\">\n                                        <\/div>\n                  <\/div>\n                <\/div>\n              <\/div>\n            <\/div>\n          <\/div>\n                  <div class=\"masonry-item  \">\n            <div class=\"project-list  full-link\">\n              <div class=\"project-picture\">\n                <img decoding=\"async\" src=\"https:\/\/www.littlez.fr\/wp-content\/uploads\/2021\/07\/Amenagement-dun-patio-vignette.jpg\" alt=\"Am\u00e9nagement d&#8217;un patio\">\n              <\/div>\n              <div class=\"project-info\">\n                <div class=\"brxy-table-container\">\n                  <div class=\"brxy-align-container\">\n                    <div class=\"project-title\"><a href=\"https:\/\/www.littlez.fr\/index.php\/project\/amenagement-dun-patio\/\">Am\u00e9nagement d&#8217;un patio<\/a>\n                    <\/div>\n                    <div class=\"project-category\">\n                                        <\/div>\n                  <\/div>\n                <\/div>\n              <\/div>\n            <\/div>\n          <\/div>\n                  <div class=\"masonry-item  \">\n            <div class=\"project-list  full-link\">\n              <div class=\"project-picture\">\n                <img decoding=\"async\" src=\"https:\/\/www.littlez.fr\/wp-content\/uploads\/2021\/07\/Rehabilitation-dune-bergerie-en-un-gite-18.jpg\" alt=\"R\u00e9habilitation d&#8217;une bergerie en g\u00eete\">\n              <\/div>\n              <div class=\"project-info\">\n                <div class=\"brxy-table-container\">\n                  <div class=\"brxy-align-container\">\n                    <div class=\"project-title\"><a href=\"https:\/\/www.littlez.fr\/index.php\/project\/renovation-dune-bergerie-en-gite\/\">R\u00e9habilitation d&#8217;une bergerie en g\u00eete<\/a>\n                    <\/div>\n                    <div class=\"project-category\">\n                                        <\/div>\n                  <\/div>\n                <\/div>\n              <\/div>\n            <\/div>\n          <\/div>\n                  <div class=\"masonry-item  \">\n            <div class=\"project-list  full-link\">\n              <div class=\"project-picture\">\n                <img decoding=\"async\" src=\"https:\/\/www.littlez.fr\/wp-content\/uploads\/2021\/07\/vue-exterieure-maison-en-ossature-bois-vignette-3-1.jpg\" alt=\"Construction d&#8217;une maison en ossature bois et toiture bac acier\">\n              <\/div>\n              <div class=\"project-info\">\n                <div class=\"brxy-table-container\">\n                  <div class=\"brxy-align-container\">\n                    <div class=\"project-title\"><a href=\"https:\/\/www.littlez.fr\/index.php\/project\/construction-dune-maison-en-ossature-bois-et-toiture-bac-acier\/\">Construction d&#8217;une maison en ossature bois et toiture bac acier<\/a>\n                    <\/div>\n                    <div class=\"project-category\">\n                                        <\/div>\n                  <\/div>\n                <\/div>\n              <\/div>\n            <\/div>\n          <\/div>\n        \n      <\/div>\n    <\/div>\n  <\/div><\/div>\n    <!-- Project End -->\n\n    [\/vc_column][\/vc_row][vc_row][vc_column][vc_empty_space height=&#8221;50&#8243;][\/vc_column][\/vc_row]<\/p>\n<\/div>","protected":false},"excerpt":{"rendered":"[vc_row overlay_dotted=&#8221;&#8221;][vc_column][\/vc_column][\/vc_row][vc_row][vc_column][vc_empty_space height=&#8221;50&#8243;][\/vc_column][\/vc_row]","protected":false},"author":1,"featured_media":0,"parent":0,"menu_order":1,"comment_status":"closed","ping_status":"closed","template":"","meta":{"footnotes":""},"class_list":["post-1227","page","type-page","status-publish","hentry"],"_links":{"self":[{"href":"https:\/\/www.littlez.fr\/index.php\/wp-json\/wp\/v2\/pages\/1227","targetHints":{"allow":["GET"]}}],"collection":[{"href":"https:\/\/www.littlez.fr\/index.php\/wp-json\/wp\/v2\/pages"}],"about":[{"href":"https:\/\/www.littlez.fr\/index.php\/wp-json\/wp\/v2\/types\/page"}],"author":[{"embeddable":true,"href":"https:\/\/www.littlez.fr\/index.php\/wp-json\/wp\/v2\/users\/1"}],"replies":[{"embeddable":true,"href":"https:\/\/www.littlez.fr\/index.php\/wp-json\/wp\/v2\/comments?post=1227"}],"version-history":[{"count":49,"href":"https:\/\/www.littlez.fr\/index.php\/wp-json\/wp\/v2\/pages\/1227\/revisions"}],"predecessor-version":[{"id":1810,"href":"https:\/\/www.littlez.fr\/index.php\/wp-json\/wp\/v2\/pages\/1227\/revisions\/1810"}],"wp:attachment":[{"href":"https:\/\/www.littlez.fr\/index.php\/wp-json\/wp\/v2\/media?parent=1227"}],"curies":[{"name":"wp","href":"https:\/\/api.w.org\/{rel}","templated":true}]}}